Suppose -6078*o + 6062*o + 428912 = 0. What are the prime factors of o?
11, 2437
Let g(d) = 5*d - 26. Let a be g(7). List the prime factors of (-2977)/(-39) + ((-12)/a - 0).
3, 5
Let j be 1653/(-3)*(5 + -4)*-1. Let b = j + 207. List the prime factors of b.
2, 379
Let g = -12773 + 27345. What are the prime factors of g?
2, 3643
List the prime factors of (-2189649)/(-154)*6/9.
9479
Let j = 587 + -817. What are the prime factors of (4/10)/((-23)/j) + 1411?
5, 283
Let t(q) = 747*q**2 + 2. Let f be t(2). Suppose 6*a - f = a - 3*k, 3*a - 1794 = 2*k. List the prime factors of a.
2, 13, 23
Suppose 4*x = 5*s - 147525, -57*x - 147530 = -5*s - 54*x. List the prime factors of s.
23, 1283
Let j be (-3)/2 - 2997/(-18). Let s = j - -140. What are the prime factors of s?
5, 61
Suppose -66*p = -19*p - 245904. List the prime factors of p.
2, 3, 109
Let w = 457 + -467. List the prime factors of (-1096)/w + 2 - 152/(-380).
2, 7
Let w = 2102 - -3244. Suppose -19*f - w = -30*f. List the prime factors of f.
2, 3
List the prime factors of 10498/(8 + ((-22)/5)/(15/25)).
3, 29, 181
Suppose -285 = -4*i + 112 - 53. Suppose -g = 3*j + g - 406, 5*j = 4*g + 684. Let p = i + j. What are the prime factors of p?
2, 3, 37
Let q = 62 + -60. Suppose q*i - 3312 = -6*i. What are the prime factors of i?
2, 3, 23
Suppose 5*p - 25895 + 2503 = -2*t, 3*t - 3*p - 35088 = 0. What are the prime factors of t?
2, 17, 43
List the prime factors of (-3 - -1*104)*679/7.
97, 101
Suppose -74*f + 1190 = -60*f. List the prime factors of f.
5, 17
Suppose 5*m - 13 = 7. Suppose m = 2*t, 5*t = -3*o + 33 - 14. Suppose -o*l + 5*l - 146 = 0. List the prime factors of l.
73
Suppose -3*a + 18622 = 2*w, 27933 = 200*w - 197*w - 2*a. What are the prime factors of w?
9311
Suppose 4*v = 4*d - 60, 2*d = -4*v - 4 - 38. Let m be (0/(-1))/(9 + v). Suppose m = -8*h + 108 + 956. What are the prime factors of h?
7, 19
Let a(b) be the second derivative of b**4/12 + 5*b**3/6 + 20*b**2 - 279*b. Let y(w) = -3*w - 7. Let g be y(-6). List the prime factors of a(g).
2, 3
Suppose 6*t - 493 = 2621. What are the prime factors of (-15)/(0 + (-9)/t)?
5, 173
Let k(z) = 7 + 5*z + 2 - 2 - 7*z. Suppose -r - 14 = r. What are the prime factors of k(r)?
3, 7
Let r(d) = -24*d**3 - 10*d**2 + 51*d + 19. What are the prime factors of r(-10)?
3, 41, 61
Let h(m) = m**2 + 26*m - 22. Let k be h(-27). Suppose -5*z + 0*z = k*s - 1550, -2*z = -s - 617. List the prime factors of z.
3, 103
Suppose -p - 3*d - 32 = 0, -4*d = 4 + 8. Let j(z) = -19*z - 112. List the prime factors of j(p).
5, 13
Suppose 2 = -5*o + 12, 0 = 4*d + 5*o - 26. Suppose -d*p - p + 620 = 0. Suppose 384 + p = 4*x. List the prime factors of x.
127
Let v be 16/20 - (-2404)/20. Suppose 4*h = -3*j - v - 0, -10 = -5*h. Let o = j - -121. What are the prime factors of o?
2, 3, 13
Let z(u) = 21*u**2 + u + 1. Let h be (-5)/((-10)/6) + (-6 - -5). What are the prime factors of z(h)?
3, 29
Let j = 12289 + -7441. List the prime factors of j.
2, 3, 101
Let r(h) = -h**3 + 5*h**2 + 8*h - 10. Let m be r(6). Suppose 0 = -2*u - m*u + 420. List the prime factors of (-168)/(-15)*u/14.
2, 3, 7
What are the prime factors of -8807*(-18)/(-72)*-4?
8807
Let w(b) = -546*b - 9. Let j be w(-4). Let z = -865 + j. List the prime factors of 1/(-3) - z/(-6).
2, 109
Suppose 4*a = -3*h - h + 8, 5*a - 3*h = 10. Suppose -a - 4 = -3*g. Suppose g*c + 422 = 4*z, -4*z - 4*c = -37 - 379. List the prime factors of z.
3, 5, 7
Let n = 11007 - 2797. What are the prime factors of n?
2, 5, 821
Suppose 4*a - 12584 - 968 = 4*g, -a + 2*g = -3389. List the prime factors of a.
3, 1129
Let v = -5955 - -10491. Suppose v = 4*t + 4*t. List the prime factors of t.
3, 7
Let g = -12 + 17. Suppose 0*h - 17 = h + 5*o, 4*h = -g*o - 8. Suppose h*w - 180 = w. What are the prime factors of w?
2, 3, 5
Suppose w + 9*b - 4*b - 4567 = 0, 3*w = 4*b + 13758. List the prime factors of w.
2, 29, 79
Suppose 6*x - 176 - 604 = 0. What are the prime factors of x?
2, 5, 13
Let d = 173 - 170. Suppose 4*j - 1013 = -d*p + 473, -5*p = -j - 2469. What are the prime factors of p?
2, 13, 19
Let d(q) = 5*q + 38. Suppose 0 = 2*u - 7*u + 25. Let o be d(u). What are the prime factors of 1 + o + 8/(8 + -4)?
2, 3, 11
Let m(o) = -2*o - 34. Let n be (-4)/(-2)*25/(-2). Let q be m(n). Suppose -19*g + 141 = -q*g. What are the prime factors of g?
47
Suppose 2157024 + 2428256 = 56*w. What are the prime factors of w?
2, 5, 23, 89
Suppose -11*y = -12*y + 13. What are the prime factors of (-864)/10*y/((-234)/60)?
2, 3
Suppose 8*r - 121 = -121. Suppose -2*g + 2454 = -0*g - 4*l, r = 3*g - 2*l - 3689. List the prime factors of g.
1231
Let k(n) = 8*n**2 - 13*n - 1. Let u be k(2). Suppose s = -u*v + 868, v = 4*s + 3*v - 3454. What are the prime factors of s?
863
What are the prime factors of ((5/(-25))/((-23)/(-230)))/((-3)/87360)?
2, 5, 7, 13
Suppose 77 = 46*p - 107. Suppose 3*w - h + 2*h - 1749 = 0, -p*w + h + 2325 = 0. List the prime factors of w.
2, 3, 97
Suppose -786*l + 789*l = 21282. List the prime factors of l.
2, 3547
List the prime factors of 3822/9*22119/202.
7, 13, 73
Suppose 0 = -262*c + 266*c - 4*g - 162796, 203480 = 5*c - 2*g. List the prime factors of c.
2, 20347
Let t be (-8)/(8/11) + 0 + -1. Let w(o) = o + 118. What are the prime factors of w(t)?
2, 53
Suppose -22*n - 12 = -18*n. Let p be (4 + 9336/(-18))*n/2. Suppose -4*j = -5*a + p, -j + 45 = -4*a + 667. List the prime factors of a.
2, 3, 13
Suppose 179*p + 30*p = 61*p + 7882628. List the prime factors of p.
13, 17, 241
Let r = -458 - -456. What are the prime factors of r/5*-571 - (-2)/(-5)?
2, 3, 19
Let i = -189 + 926. Let b = -485 + i. List the prime factors of b.
2, 3, 7
Suppose 29*k - 30*k + 72960 = 2*v, 0 = v + 2. List the prime factors of k.
2, 17, 29, 37
Let l be (679 - 2)*(0 - -2). Suppose 3*k - l = -6*j + j, 0 = -k + 3. What are the prime factors of j?
269
Suppose -2*q + 41494 = 5*x, -8294 = -x - 26*q + 24*q. What are the prime factors of x?
2, 5, 83
Suppose 8*k - 9*k + 14 = y, -4*k - 3*y = -60. List the prime factors of (-6)/(k/(-503)) + (-16)/(-12).
13
Suppose -4*d - 3*j + 17 + 45 = 0, j - 58 = -4*d. Suppose 146 = d*s - 92. What are the prime factors of s?
17
Suppose -k - 4*i + 20076 = 0, 5*i = -3*k + 7*i + 60144. What are the prime factors of k?
2, 3, 557
Let f(o) be the second derivative of -o**5/20 + 7*o**4/6 - 5*o**3/6 - 7*o**2 - 23*o. Let a be f(7). Suppose t - a = -2*t. What are the prime factors of t?
2, 7
Suppose 25*l - 23*l + 4*s = -8, 5*l + 3*s = 1. Suppose 2*q - 1516 = -l*w + 48, -4*q = -4*w + 3104. What are the prime factors of w?
19, 41
Let q(o) = -o**3 - 22*o**2 - 15*o + 124. Let t be q(-21). List the prime factors of 0/(-25) - (t + -408).
2, 5, 41
Let p = -20 + 37. Let y(o) = o**2 - 2*o + 6. Let s(w) = w**2 - w + 6. Let h(f) = -4*s(f) + 5*y(f). List the prime factors of h(p).
193
Suppose -8*m - 1172 - 1948 = 0. Let y = m + 517. List the prime factors of y.
127
Let b(i) = 809*i - 108. Let u(l) = 202*l - 27. Let z(j) = -2*b(j) + 9*u(j). List the prime factors of z(5).
7, 139
Let u(y) = -7*y - 83. Let d be u(-12). Let l(r) = -1 + 1 - 3*r + 99*r**2 + 1. What are the prime factors of l(d)?
97
Let k be 6/(5/(45/(-6))). What are the prime factors of 1440/(-50)*(1 + (k - 2))?
2, 3
Suppose -2*z - 3*k = 2*k - 818, 1273 = 3*z - 4*k. Let l = z - 74. List the prime factors of l.
3, 5, 23
Let j = -5555 + 39237. What are the prime factors of j?
2, 11, 1531
Let h(f) = -436*f + 406. What are the prime factors of h(-11)?
2, 3, 17
Let r(z) be the third derivative of 23*z**5/60 + 17*z**4/24 + 2*z**3 + 2*z**2 - 11. What are the prime factors of r(-6)?
2, 3, 41
Let j = 65871 - 28660. List the prime factors of j.
127, 293
Let j = 33 + -26. Let l = j - -177. List the prime factors of 0 + 1 - (-2 - (l + 1)).
2, 47
Let l(a) = a**3 + a**2 + 3*a + 652. Let y be l(0). Suppose 215*n - 217*n = -y. List the prime factors of n.
2, 163
Suppose -127*c + 399 + 2522 = 0. What are the prime factors of c?
23
Suppose 227*v = 217*v + 68680. List the prime factors of v.
2, 17, 101
Let g = 26595 - 16422. What are the prime factors of g?
3, 3391
Let g = -196 + 341. Suppose -3*l = -2*d + g, 373 = -d + 6*d + 3*l. What are the prime factors of d?
2, 37
Let w(p) = 1021*p**3 + 8*p**2 + 128*p - 579. What are the prime factors of w(4)?
5